32
Convert -1 (base 3) to base 8.
-1
What is a (base 15) in base 11?
a
-1 (base 4) to base 15
-1
-16 (base 13) to base 16
-13
What is -8 (base 13) in base 6?
-12
-22 (base 3) to base 2
-1000
What is -10 (base 6) in base 2?
-110
What is 160 (base 8) in base 4?
1300
1 (base 8) to base 7
1
What is -10 (base 14) in base 8?
-16
What is -20 (base 6) in base 13?
-c
0 (base 16) to base 13
0
Convert 31 (base 8) to base 10.
25
What is -1 (base 14) in base 15?
-1
0 (base 16) to base 3
0
Convert 433 (base 5) to base 3.
11101
What is -5 (base 16) in base 8?
-5
-1 (base 4) to base 8
-1
-46 (base 10) to base 16
-2e
What is -45 (base 16) in base 12?
-59
What is 47 (base 15) in base 5?
232
Convert -2 (base 14) to base 10.
-2
What is 13 (base 4) in base 3?
21
Convert -1 (base 9) to base 16.
-1
What is 64 (base 15) in base 10?
94
-153 (base 15) to base 6
-1223
What is -11 (base 5) in base 15?
-6
-7 (base 9) to base 10
-7
What is -2 (base 12) in base 10?
-2
202 (base 4) to base 5
114
Convert 16 (base 10) to base 13.
13
3 (base 13) to base 14
3
Convert -1 (base 6) to base 4.
-1
50 (base 11) to base 3
2001
Convert 14 (base 6) to base 8.
12
1 (base 5) to base 4
1
What is 10110000 (base 2) in base 10?
176
What is -5 (base 6) in base 14?
-5
Convert -3 (base 12) to base 8.
-3
What is -3330 (base 4) in base 5?
-2002
What is 3 (base 8) in base 12?
3
-8 (base 16) to base 7
-11
220 (base 4) to base 12
34
What is 100 (base 3) in base 12?
9
Convert 222 (base 6) to base 2.
1010110
What is -21 (base 6) in base 4?
-31
What is -42 (base 10) in base 2?
-101010
1 (base 16) to base 12
1
What is -160 (base 11) in base 13?
-115
Convert 5 (base 10) to base 5.
10
What is -3 (base 9) in base 8?
-3
71 (base 9) to base 10
64
e (base 16) to base 13
11
Convert 5 (base 7) to base 15.
5
What is -3 (base 15) in base 14?
-3
204 (base 10) to base 4
3030
Convert -114 (base 5) to base 7.
-46
What is -10 (base 6) in base 11?
-6
-1000 (base 2) to base 11
-8
-115 (base 14) to base 7
-425
What is -10 (base 15) in base 14?
-11
Convert f (base 16) to base 6.
23
Convert 1040 (base 5) to base 14.
a5
-113 (base 8) to base 12
-63
Convert -10102 (base 3) to base 11.
-84
10121 (base 3) to base 4
1201
55 (base 11) to base 13
48
-3 (base 7) to base 11
-3
e (base 15) to base 2
1110
-1011 (base 2) to base 7
-14
What is -3 (base 6) in base 2?
-11
Convert -1 (base 2) to base 11.
-1
What is -1 (base 8) in base 2?
-1
Convert 0 (base 7) to base 3.
0
111 (base 12) to base 4
2131
Convert -2 (base 16) to base 4.
-2
What is -4 (base 15) in base 11?
-4
-40 (base 12) to base 16
-30
What is 1100 (base 5) in base 9?
176
Convert -4d (base 14) to base 13.
-54
Convert 100 (base 2) to base 8.
4
Convert -331 (base 6) to base 10.
-127
What is -20 (base 8) in base 9?
-17
Convert 63 (base 7) to base 14.
33
-111 (base 2) to base 7
-10
Convert -d (base 14) to base 5.
-23
Convert -10111 (base 2) to base 9.
-25
1 (base 3) to base 6
1
Convert -17a (base 15) to base 13.
-202
What is -2 (base 10) in base 16?
-2
What is -15 (base 9) in base 12?
-12
What is -221 (base 7) in base 15?
-78
Convert 0 (base 11) to base 6.
0
2 (base 7) to base 16
2
Convert 0 (base 13) to base 2.
0
Convert -215 (base 9) to base 7.
-341
Convert -16 (base 13) to base 15.
-14
Convert 3 (base 6) to base 11.
3
What is -7 (base 16) in base 13?
-7
What is -10 (base 3) in base 4?
-3
What is 101000 (base 2) in base 15?
2a
What is 0 (base 15) in base 3?
0
What is 17 (base 8) in base 4?
33
-412 (base 5) to base 10
-107
Convert 45 (base 14) to base 2.
111101
Convert -51 (base 6) to base 12.
-27
Convert 1 (base 3) to base 14.
1
What is -14 (base 13) in base 7?
-23
2 (base 5) to base 6
2
-86 (base 10) to base 13
-68
22 (base 9) to base 11
19
Convert -8 (base 14) to base 7.
-11
102 (base 3) to base 5
21
-13 (base 8) to base 16
-b
What is 7 (base 9) in base 14?
7
What is 94 (base 13) in base 11?
100
What is 40 (base 11) in base 16?
2c
Convert 3 (base 7) to base 16.
3
5 (base 8) to base 5
10
-1 (base 10) to base 15
-1
Convert -2 (base 6) to base 2.
-10
Convert -1 (base 2) to base 7.
-1
What is -11 (base 2) in base 6?
-3
What is 210 (base 3) in base 16?
15
34 (base 11) to base 8
45
What is 0 (base 10) in base 8?
0
Convert -3 (base 15) to base 2.
-11
What is -10 (base 11) in base 12?
-b
What is 66 (base 12) in base 10?
78
What is -2 (base 7) in base 13?
-2
What is -7 (base 8) in base 3?
-21
1111101 (base 2) to base 4
1331
0 (base 16) to base 9
0
Convert 6c (base 14) to base 6.
240
-3 (base 7) to base 2
-11
-357 (base 8) to base 13
-155
4 (base 12) to base 11
4
Convert 31 (base 8) to base 12.
21
What is -101 (base 2) in base 7?
-5
What is -3 (base 15) in base 4?
-3
Convert -43 (base 12) to base 3.
-1220
What is -20 (base 3) in base 10?
-6
-11010010 (base 2) to base 11
-181
What is -13 (base 7) in base 14?
-a
0 (base 11) to base 13
0
Convert 6 (base 13) to base 8.
6
Convert -6 (base 7) to base 9.
-6
What is -2 (base 3) in base 9?
-2
What is -13a (base 15) in base 5?
-2110
What is -9 (base 16) in base 10?
-9
Convert -22 (base 15) to base 9.
-35
What is 101001 (base 2) in base 8?
51
-13 (base 7) to base 13
-a
What is b (base 15) in base 10?
11
What is -70 (base 14) in base 3?
-10122
Convert -3c (base 14) to base 11.
-4a
Convert -100122 (base 3) to base 9.
-318
1 (base 15) to base 6
1
Convert 114 (base 5) to base 12.
2a
Convert 0 (base 15) to base 11.
0
What is -120 (base 3) in base 2?
-1111
Convert -8 (base 15) to base 10.
-8
-151 (base 7) to base 11
-78
What is 15 (base 14) in base 10?
19
-54 (base 11) to base 3
-2012
Convert -6 (base 11) to base 9.
-6
What is 0 (base 10) in base 3?
0
What is 2 (base 3) in base 10?
2
What is 4 (base 9) in base 13?
4
What is -17 (base 8) in base 10?
-15
26 (base 16) to base 3
1102
71 (base 8) to base 15
3c
-21 (base 5) to base 4
-23
3 (base 4) to base 6
3
What is 1 (base 3) in base 13?
1
Convert -1322 (base 4) to base 8.
-172
What is -6 (base 9) in base 15?
-6
What is -4 (base 6) in base 10?
-4
What is 6b (base 16) in base 7?
212
What is -31 (base 10) in base 12?
-27
What is -36 (base 8) in base 16?
-1e
Convert 26 (base 11) to base 8.
34
What is 54 (base 7) in base 2?
100111
What is -3 (base 5) in base 7?
-3
What is 0 (base 5) in base 2?
0
What is 20 (base 3) in base 4?
12
What is 8 (base 10) in base 11?
8
What is 7 (base 14) in base 13?
7
Convert 0 (base 7) to base 9.
0
-62 (base 7) to base 2
-101100
What is -118 (base 11) in base 13?
-aa
-3 (base 4) to base 13
-3
2 (base 12) to base 4
2
-1 (base 15) to base 9
-1
Convert -43 (base 5) to base 8.
-27
What is -224 (base 5) in base 3?
-2101
Convert 3 (base 16) to base 7.
3
-69 (base 13) to base 9
-106
Convert -5 (base 14) to base 6.
-5
What is -100001 (base 2) in base 4?
-201
10 (base 4) to base 12
4
0 (base 14) to base 12
0
7 (base 9) to base 8
7
Convert 103 (base 13) to base 10.
172
-4 (base 15) to base 8
-4
20 (base 8) to base 9
17
Convert -2 (base 16) to base 2.
-10
What is -100 (base 2) in base 4?
-10
-1 (base 5) to base 3
-1
Convert b0 (base 13) to base 7.
263
What is 11 (base 5) in base 16?
6
What is -20 (base 3) in base 2?
-110
What is 16 (base 12) in base 13?
15
What is -44 (base 5) in base 11?
-22
What is 254 (base 7) in base 11?
115
b0 (base 12) to base 2
10000100
Convert -5 (base 8) to base 5.
-10
13 (base 13) to base 4
100
What is 10 (base 5) in base 10?
5
-a (base 11) to base 3
-101
Convert -1233 (base 4) to base 16.
-6f
-16 (base 9) to base 7
-21
What is c7 (base 13) in base 11?
139
Convert 11 (base 9) to base 6.
14
What is 36 (base 7) in base 13?
21
Convert 30 (base 6) to base 14.
14
What is 156 (base 7) in base 5?
330
43 (base 11) to base 13
38
What is 2100 (base 3) in base 15?
43
26 (base 9) to base 10
24
What is -27 (base 10) in base 9?
-30
What is 11 (base 2) in base 11?
3
Convert -b (base 12) to base 8.
-13
What is 233 (base 10) in base 7?
452
Convert 142 (base 14) to base 5.
2004
-39 (base 10) to base 3
-1110
14 (base 7) to base 6
15
-4 (base 10) to base 4
-10
Convert -39 (base 11) to base 5.
-132
What is 14 (base 11) in base 12?
13
What is 3 (base 12) in base 14?
3
-111000 (base 2) to base 7
-110
Convert -254 (base 12) to base 16.
-160
3 (base 8) to base 13
3
Convert c (base 14) to base 8.
14
Convert 114 (base 5) to base 7.
46
What is 0 (base 13) in base 15?
0
-2 (base 13) to base